{"id":138,"date":"2015-08-04T10:17:31","date_gmt":"2015-08-04T10:17:31","guid":{"rendered":"http:\/\/wp.pixerecourt.fr\/procedure-epl\/?page_id=138"},"modified":"2022-09-06T13:50:39","modified_gmt":"2022-09-06T13:50:39","slug":"livret-daccueil-eleve-lycee","status":"publish","type":"page","link":"https:\/\/wp.pixerecourt.fr\/?page_id=138","title":{"rendered":"El\u00e8ve lyc\u00e9e"},"content":{"rendered":"<table width=\"100%\" border=\"1\">\n<tbody>\n<tr>\n<td><a href=\"http:\/\/wp.pixerecourt.fr\/?page_id=869\" rel=\"attachment wp-att-217\"><img loading=\"lazy\" decoding=\"async\" class=\"wp-image-223\" src=\"http:\/\/wp.pixerecourt.fr\/wp-content\/uploads\/2016\/08\/informatique-reseau-00005-150x150.gif\" alt=\"Pour commencer\" width=\"150\" height=\"150\"><\/a><\/p>\n<div class=\"Image_titre\">Pour commencer<\/div>\n<p>&nbsp;<\/p>\n<p>&nbsp;<\/td>\n<td>\n<div><a href=\"http:\/\/wp.pixerecourt.fr\/wp-content\/uploads\/2022\/09\/guide_charte_informatique.png\"><img loading=\"lazy\" decoding=\"async\" class=\"alignnone  wp-image-2470\" src=\"http:\/\/wp.pixerecourt.fr\/wp-content\/uploads\/2022\/09\/guide_charte_informatique-300x169.png\" alt=\"\" width=\"234\" height=\"132\" srcset=\"https:\/\/wp.pixerecourt.fr\/wp-content\/uploads\/2022\/09\/guide_charte_informatique-300x169.png 300w, https:\/\/wp.pixerecourt.fr\/wp-content\/uploads\/2022\/09\/guide_charte_informatique-768x434.png 768w, https:\/\/wp.pixerecourt.fr\/wp-content\/uploads\/2022\/09\/guide_charte_informatique-800x452.png 800w, https:\/\/wp.pixerecourt.fr\/wp-content\/uploads\/2022\/09\/guide_charte_informatique.png 850w\" sizes=\"auto, (max-width: 234px) 100vw, 234px\" \/><\/a><\/div>\n<div class=\"Image_titre\">Accueil dans l'\u00e9tablissement et charte informatique<\/div>\n<p>&nbsp;<\/p>\n<p>&nbsp;<\/td>\n<\/tr>\n<tr>\n<td><a href=\"http:\/\/wp.pixerecourt.fr\/?page_id=208\" rel=\"attachment wp-att-217\"><img loading=\"lazy\" decoding=\"async\" class=\"wp-image-223\" src=\"http:\/\/wp.pixerecourt.fr\/wp-content\/uploads\/2016\/08\/printerWHT.gif\" alt=\"Impressions et photocopies\" width=\"100\" height=\"75\"><\/a><\/p>\n<div class=\"Image_titre\">Impressions et photocopies<\/div>\n<p>&nbsp;<\/p>\n<p>&nbsp;<\/td>\n<td><a href=\"http:\/\/wp.pixerecourt.fr\/?page_id=870\" rel=\"attachment wp-att-217\"><img loading=\"lazy\" decoding=\"async\" class=\"wp-image-223\" src=\"http:\/\/wp.pixerecourt.fr\/wp-content\/uploads\/2016\/08\/ordinateurs-gif-001.gif\" alt=\"Ordinateurs du lyc\u00e9e\" width=\"107\" height=\"98\"><\/a><\/p>\n<div class=\"Image_titre\">Ordinateurs du lyc\u00e9e<\/div>\n<p>&nbsp;<\/p>\n<p>&nbsp;<\/td>\n<\/tr>\n<tr>\n<td><a href=\"http:\/\/wp.pixerecourt.fr\/?page_id=881\" rel=\"attachment wp-att-217\"><img loading=\"lazy\" decoding=\"async\" class=\"wp-image-223\" src=\"http:\/\/wp.pixerecourt.fr\/wp-content\/uploads\/2016\/08\/r\u00e9seau.png\" alt=\"Espace num\u00e9rique de travail\" width=\"128\" height=\"128\"><\/a><\/p>\n<div class=\"Image_titre\">Espaces num\u00e9riques de travail<\/div>\n<p>&nbsp;<\/p>\n<p>&nbsp;<\/td>\n<td><a href=\"http:\/\/wp.pixerecourt.fr\/?page_id=292\" rel=\"attachment wp-att-217\"><img loading=\"lazy\" decoding=\"async\" class=\"wp-image-223\" src=\"http:\/\/wp.pixerecourt.fr\/wp-content\/uploads\/2016\/08\/Comunication.gif\" alt=\"Outils en ligne\" width=\"63\" height=\"56\"><\/a><\/p>\n<div class=\"Image_titre\">Outils en ligne<\/div>\n<p>&nbsp;<\/p>\n<p>&nbsp;<\/td>\n<\/tr>\n<tr>\n<td colspan=\"2\"><a href=\"http:\/\/wp.pixerecourt.fr\/?page_id=2459\">Utiliser le r\u00e9seau wifi de l'\u00e9tablissement<\/a><a href=\"http:\/\/wp.pixerecourt.fr\/?page_id=2459\"><img loading=\"lazy\" decoding=\"async\" class=\"wp-image-2468 alignright\" src=\"http:\/\/wp.pixerecourt.fr\/wp-content\/uploads\/2022\/09\/wi-fi-300x169.jpg\" alt=\"\" width=\"235\" height=\"132\" srcset=\"https:\/\/wp.pixerecourt.fr\/wp-content\/uploads\/2022\/09\/wi-fi-300x169.jpg 300w, https:\/\/wp.pixerecourt.fr\/wp-content\/uploads\/2022\/09\/wi-fi.jpg 662w\" sizes=\"auto, (max-width: 235px) 100vw, 235px\" \/><\/a><\/td>\n<\/tr>\n<\/tbody>\n<\/table>\n","protected":false},"excerpt":{"rendered":"<p>Pour commencer &nbsp; &nbsp; Accueil dans l&rsquo;\u00e9tablissement et charte informatique &nbsp; &nbsp; Impressions et photocopies &nbsp; &nbsp; Ordinateurs du lyc\u00e9e &nbsp; &nbsp; Espaces num\u00e9riques de travail &nbsp; &nbsp; Outils en ligne &nbsp; &nbsp; Utiliser le r\u00e9seau wifi de l&rsquo;\u00e9tablissement<\/p>\n","protected":false},"author":1,"featured_media":0,"parent":0,"menu_order":0,"comment_status":"closed","ping_status":"closed","template":"","meta":{"ngg_post_thumbnail":0,"footnotes":""},"class_list":["post-138","page","type-page","status-publish","hentry"],"_links":{"self":[{"href":"https:\/\/wp.pixerecourt.fr\/index.php?rest_route=\/wp\/v2\/pages\/138","targetHints":{"allow":["GET"]}}],"collection":[{"href":"https:\/\/wp.pixerecourt.fr\/index.php?rest_route=\/wp\/v2\/pages"}],"about":[{"href":"https:\/\/wp.pixerecourt.fr\/index.php?rest_route=\/wp\/v2\/types\/page"}],"author":[{"embeddable":true,"href":"https:\/\/wp.pixerecourt.fr\/index.php?rest_route=\/wp\/v2\/users\/1"}],"replies":[{"embeddable":true,"href":"https:\/\/wp.pixerecourt.fr\/index.php?rest_route=%2Fwp%2Fv2%2Fcomments&post=138"}],"version-history":[{"count":2,"href":"https:\/\/wp.pixerecourt.fr\/index.php?rest_route=\/wp\/v2\/pages\/138\/revisions"}],"predecessor-version":[{"id":2471,"href":"https:\/\/wp.pixerecourt.fr\/index.php?rest_route=\/wp\/v2\/pages\/138\/revisions\/2471"}],"wp:attachment":[{"href":"https:\/\/wp.pixerecourt.fr\/index.php?rest_route=%2Fwp%2Fv2%2Fmedia&parent=138"}],"curies":[{"name":"wp","href":"https:\/\/api.w.org\/{rel}","templated":true}]}}