{"id":45,"date":"2015-08-19T20:15:27","date_gmt":"2015-08-19T20:15:27","guid":{"rendered":"http:\/\/wp.pixerecourt.fr\/granderegion\/?page_id=45"},"modified":"2018-08-22T19:44:54","modified_gmt":"2018-08-22T18:44:54","slug":"accueil","status":"publish","type":"page","link":"https:\/\/wp.pixerecourt.fr\/granderegion\/","title":{"rendered":"A propos de ce site&#8230;"},"content":{"rendered":"<p style=\"text-align: center\"><strong><span style=\"color: #008000\">La Grande R\u00e9gion, territoire au service de l&rsquo;\u00e9ducation au d\u00e9veloppement durable et de la formation<\/span><\/strong><\/p>\n<p style=\"text-align: justify\"><a href=\"http:\/\/wp.pixerecourt.fr\/granderegion\/wp-content\/uploads\/sites\/31\/2015\/08\/Carte-Grande-Re\u0301gion.jpg\"><img loading=\"lazy\" decoding=\"async\" class=\"alignright size-medium wp-image-28\" src=\"http:\/\/wp.pixerecourt.fr\/granderegion\/wp-content\/uploads\/sites\/31\/2015\/08\/Carte-Grande-Re\u0301gion-300x274.jpg\" alt=\"Carte Grande Re\u0301gion\" width=\"300\" height=\"274\" srcset=\"https:\/\/wp.pixerecourt.fr\/granderegion\/wp-content\/uploads\/sites\/31\/2015\/08\/Carte-Grande-Re\u0301gion-300x274.jpg 300w, https:\/\/wp.pixerecourt.fr\/granderegion\/wp-content\/uploads\/sites\/31\/2015\/08\/Carte-Grande-Re\u0301gion.jpg 800w\" sizes=\"auto, (max-width: 300px) 100vw, 300px\" \/><\/a>La Lorraine est situ\u00e9e dans un territoire transfrontalier appel\u00e9 \u00ab Grande R\u00e9gion \u00bb. Cet espace de coop\u00e9ration exemplaire en Europe r\u00e9unit sept composantes : la Sarre, la Rh\u00e9nanie-Palatinat, le Luxembourg, la Lorraine, la Wallonie ainsi que les Communaut\u00e9s fran\u00e7aise et germanophone de Belgique.<\/p>\n<p style=\"text-align: justify\">Afin de coordonner, pour le compte de l\u2019enseignement agricole lorrain, la mise en \u0153uvre d\u2019actions en lien avec l\u2019EEDD&nbsp; dans le cadre de la Grande R\u00e9gion et de d\u00e9velopper la mobilit\u00e9 des apprenants et des personnels dans ce territoire, un tiers temps a \u00e9t\u00e9 demand\u00e9 et octroy\u00e9 \u00e0 l&rsquo;EPLEFPA 54 pour une dur\u00e9e de 3 ans.<\/p>\n<p style=\"text-align: justify\">Ce site permettra \u00e0 travers les diff\u00e9rents articles de vous informer, vous int\u00e9grer \u00e0 certains dispositifs et de suivre les diff\u00e9rentes actions men\u00e9es durant cette p\u00e9riode. N&rsquo;h\u00e9sitez pas \u00e0 me contacter pour d&rsquo;\u00e9ventuelles pr\u00e9cisions.<\/p>\n<p style=\"text-align: justify\"><strong><span style=\"color: #ff0000\">Ce dispositif&nbsp; se termine&nbsp; le 1<sup>er<\/sup> septembre 2018, le blog continuera \u00e0 \u00eatre aliment\u00e9 notamment sur des projets&nbsp; Grande R\u00e9gion li\u00e9s \u00e0 l&rsquo;EPL 54. Les relations transfrontali\u00e8res \u00e9tant une des actions qui sera d\u00e9velopp\u00e9e dans le projet d&rsquo;\u00e9tablissement en cours d&rsquo;\u00e9criture.<\/span><\/strong><\/p>\n<p style=\"text-align: justify\">Pour en savoir davantage sur la Grande R\u00e9gion :<br \/>\n<a title=\"http:\/\/www.granderegion.net\/fr\/index.html\" href=\"http:\/\/www.granderegion.net\/fr\/index.html\" target=\"_blank\" rel=\"noopener\">http:\/\/www.granderegion.net\/fr\/index.html<\/a><\/p>\n<p style=\"text-align: left\">Bonne lecture<\/p>\n<p style=\"text-align: left\">Catherine Boulot<strong><span style=\"color: #339966\"><br \/>\n<\/span><\/strong><\/p>\n","protected":false},"excerpt":{"rendered":"<p>La Grande R\u00e9gion, territoire au service de l&rsquo;\u00e9ducation au d\u00e9veloppement durable et de la formation La Lorraine est situ\u00e9e dans un territoire transfrontalier appel\u00e9 \u00ab Grande R\u00e9gion \u00bb. Cet espace de coop\u00e9ration exemplaire en Europe r\u00e9unit sept composantes : la Sarre, la Rh\u00e9nanie-Palatinat, le Luxembourg, la Lorraine, la Wallonie ainsi que les Communaut\u00e9s fran\u00e7aise et &hellip; <a href=\"https:\/\/wp.pixerecourt.fr\/granderegion\/\" class=\"more-link\">Continuer la lecture de <span class=\"screen-reader-text\">A propos de ce site&#8230;<\/span>  <span class=\"meta-nav\">&rarr;<\/span><\/a><\/p>\n","protected":false},"author":94,"featured_media":0,"parent":0,"menu_order":0,"comment_status":"closed","ping_status":"closed","template":"","meta":{"ngg_post_thumbnail":0,"footnotes":""},"class_list":["post-45","page","type-page","status-publish","hentry"],"_links":{"self":[{"href":"https:\/\/wp.pixerecourt.fr\/granderegion\/wp-json\/wp\/v2\/pages\/45","targetHints":{"allow":["GET"]}}],"collection":[{"href":"https:\/\/wp.pixerecourt.fr\/granderegion\/wp-json\/wp\/v2\/pages"}],"about":[{"href":"https:\/\/wp.pixerecourt.fr\/granderegion\/wp-json\/wp\/v2\/types\/page"}],"author":[{"embeddable":true,"href":"https:\/\/wp.pixerecourt.fr\/granderegion\/wp-json\/wp\/v2\/users\/94"}],"replies":[{"embeddable":true,"href":"https:\/\/wp.pixerecourt.fr\/granderegion\/wp-json\/wp\/v2\/comments?post=45"}],"version-history":[{"count":0,"href":"https:\/\/wp.pixerecourt.fr\/granderegion\/wp-json\/wp\/v2\/pages\/45\/revisions"}],"wp:attachment":[{"href":"https:\/\/wp.pixerecourt.fr\/granderegion\/wp-json\/wp\/v2\/media?parent=45"}],"curies":[{"name":"wp","href":"https:\/\/api.w.org\/{rel}","templated":true}]}}